 + 17 - -18)?
-53
What is 20 + -36 + 34 + -6 + (-6 - 4)?
2
Evaluate 9 + (-1 - (-5 - (3 - 15)) - -6).
7
Calculate (3 - 0 - 2) + -55 + (37 - -30) - -85.
98
Evaluate -40 + 0 + (3 - (11 - -2 - (164 - 147))).
-33
What is the value of (4 - 10) + 26 + 16 + -29 + 58?
65
What is the value of -42 + (45 - 25) + 23 - (52 + 1)?
-52
What is the value of 1 + -20 - (-43 + (-27 - (-67 - -2)))?
-14
What is 263 - (178 - 57 - -11)?
131
101 + 147 + -151 + -103
-6
-9 - (-4 + 4 + 19 + -38 + 76)
-66
What is the value of -90 - (-131 - -74) - -91?
58
Evaluate 1 - -14 - (21 - (26 + (2 - 22))).
0
(16 + -16 - -27) + 1 - ((2 - 8) + -1)
35
What is the value of 26 + 1 - (79 - (-78 - -90))?
-40
19 - (-1 + -5 + 7 + -10)
28
Calculate (-57 - -31) + 62 + 7.
43
Evaluate -21 - -67 - 23 - 14 - -26.
35
What is -117 + 127 - ((-124 - -56) + (-1 - -9))?
70
Calculate (0 - 9) + (0 + 13 + 11 - 10) - 68.
-63
What is 16 - (-23 - -40) - -40?
39
Evaluate -32 + (1 + 8 - (2 - -11)) + 9 + -1.
-28
Evaluate 15 - (19 - 94) - 127.
-37
What is (-1 - (-11 + 24) - -7) + 11 - 10?
-6
Calculate (32 - -13 - 75) + -11 + -75.
-116
Calculate 17 + (1 - 5 - (804 + -761 + 1 + -37)).
6
What is the value of (1 - (6 + -32 + -54)) + -19?
62
Evaluate 5 - ((31 - 9) + -133).
116
What is 25 + 88 + -61 + 8?
60
(-4 - -17) + -231 + 230
12
What is -337 + 326 - (26 + -1) - -4?
-32
Evaluate (3 - 11) + (20 - (89 + (13 - -6))).
-96
-44 + -25 + (-40 - -38 - -27)
-44
Calculate (12 - 7) + -31 + 52 + -70.
-44
What is the value of 204 - 242 - (-45 + 16)?
-9
Calculate 17 - (136 + -2 - (707 + -729)).
-139
What is -51 - ((26 + -4 + -2 - 24) + -7 + 0)?
-40
What is (-2156 + 2153 - (-13 - 0)) + (0 - -3) + -83?
-70
Evaluate -467 + 469 + ((-2 - 0) + 37 - -3).
40
-3 + 13 + 1 - ((-15 - 8) + 25 - 7)
16
What is -30 - 10 - (-13 + (-5 - (-1 + -1)) + 8)?
-32
What is 111 - 72 - (76 - -4)?
-41
Calculate (54 - 47) + 16 - 1.
22
Evaluate -35 + 18 + 24 + (6 - -3).
16
-73 - -15 - ((-15 - 4) + 0)
-39
Evaluate -22 + 4 - (0 + -20 - (-253 - -246)).
-5
21 + -7 + 3 - (-1 + -23 + -44)
85
What is 73 + -120 + (47 - -7) - (0 + 16 + 0)?
-9
What is 25 - (-35 - 1 - (297 - 408))?
-50
What is the value of 528 + -618 + (27 - (11 - 7))?
-67
5 + 8 + (205 - 227)
-9
Evaluate (54 - (118 + -14)) + 135.
85
-51 - (-22 + (18 - (51 + -25)))
-21
What is the value of 25 - -3 - (37 + -49) - 11?
29
Evaluate (-33 - (13 + -11 - (1 + -4))) + -190 + 183.
-45
-49 - (-97 + -35 - -87)
-4
What is the value of (13 + 115 - -11 - 1) + 0 + 5 + 3?
146
What is -5 - (-14 - (-1 + -7 + -2) - (-15 + 0))?
-16
Evaluate (69 - 131 - 7) + 70.
1
What is -41 + 3 + -13 + 93 + -80?
-38
What is 2 + 0 - (5 + -8) - (45 + 192 - 168)?
-64
What is -86 + 35 + 55 + -6?
-2
Evaluate 12 + (10 + 0 + -23 - -13) + -18.
-6
-41 + (22 + 1 + 72 + -85 - 3)
-34
125 + -99 + 66 - 67
25
(68 - (20 + -18 + -26 + 25)) + 13
80
Calculate -3 + (74 - 7) + -25 - (9 + -10).
40
Calculate 15 + (-8 - 0 - 10) + 27.
24
What is the value of ((-23 - -13 - 2) + 28 - 0) + -5?
11
What is -26 - (-27 - 37 - 4)?
42
What is -19 + (-34 - -80) - (92 - -6)?
-71
-17 - ((-41 + 16 - -4) + 5)
-1
Evaluate -3 + -37 - ((-12 - (1 + -5 - 3)) + -1).
-34
What is 63 - (108 - 24 - 24)?
3
What is 10 - (-9 + 18) - (-2 - -6)?
-3
What is 7 + (35 - 25 - (3 - 4 - -18)) + -12?
-12
What is (-8 - (-4 + 1 + 0 + (2038 - 2045))) + 19?
21
What is the value of -120 + (8 - (24 + -69))?
-67
Calculate (1 - (-1 + -4 - -3)) + 30 + 26 + -16.
43
What is the value of 49 - (129 - 67 - 53)?
40
What is the value of (21 - 1) + (-8 + 24 + -12 - -8)?
32
66 + (-93 + 50 - 12)
11
Evaluate 108 - (190 + -64) - (0 - (-12 - 1)).
-31
What is -546 - -549 - (-1 + -8) - (-19 - -6)?
25
What is the value of -2 + 9 - (2640 - 2555)?
-78
Calculate 28 + -1 + 22 + 33 + -56 + -3.
23
What is (-25 - (-15 + 59 - 33)) + -7?
-43
Evaluate 4 + (57 - 70) + -25.
-34
What is 1 - 1 - 5 - (-65 - (-34 + -30)) - -57?
53
108 - 2 - (72 - (-12 - -34) - 62)
118
What is the value of -3 + (5 - -25) - 9 - (13 - 9) - 35?
-21
What is (-28 - (-56 + 10) - (17 + -1)) + 66?
68
-2 - -2 - (-43 - -35 - (4 + -1 - 9))
2
-15 + (8 - (9 + 7)) + 4 + 2
-17
What is the value of 384 - 341 - (10 + -6)?
39
Evaluate -41 - ((-6 - -10 - -3) + -24).
-24
1 + -10 + -111 + 88 + -10 + (23 - -6)
-13
What is the value of 79 + -33 + 1 + 44 + 0 + -15?
76
Evaluate 72 - (34 + (8 - 32)) - (2 - 5).
65
Calculate 16 - ((5 + 16 - 17) + -21 - -1).
32
Calculate (62 - 103) + (17 - -4) + 82.
62
Calculate -7 - -144 - (-159 + 218).
78
What is the value of (0 + -209 - -238) + 22 + 0?
51
What is -1 + 98 + (-2 - 1) - (57 - (-18 + 68))?
87
What is -76 - (5 - -6 - (-24 + 49))?
-62
What is 52 - 11 - 38 - (12 + -94)?
85
What is the value of 4 + (14 - 7 - 11) + -10 + -3?
-13
(0 - 0) + (-17 - -10) - (-109 - -60)
42
Evaluate 14 + 5 + (-7 - (20 + -44)) + -10.
26
Evaluate (7 + -22 - (1 - 9)) + 38 + -6 + 1.
26
Evaluate (-98 - -96) + (-2 - -2) - (-1 + -50 + 2).
47
What is 1 + (1 - -12) - (-26 + 60 + 3)?
-23
What is (-3 + 2 - -5) + -1795 + 1831?
40
What is the value of 87 + -3 + -179 + 147?
52
What is 150 - (283 + -134 - 4)?
5
What is -76 + 10 + -171 + 202?
-35
Evaluate 16 - 3 - (41 + (-71 - -29)).
14
Calculate (-2 - -51) + (5 - ((-12 - -1) + 21)).
44
What is the value of 42 + (39 - 99) + -42?
-60
Calculate (3 - (4 + -7)) + 9 + (-28 - 7) + -4.
-24
What is the value of -2 + 4 + 44 - (-34 + (45 - 33) + 23)?
45
What is -175 + (16 + -11 - -94)?
-76
What is the value of 19 + 1 - (85 + 12 + -104)?
27
Evaluate (20 - 35) + -5 + 19 + -6 - 54.
-61
Calculate (3 + -5 + -1 - (-38 - -43)) + -4 - -78.
66
What is the value of -53 + 50 + -24 + 16?
-11
Calculate -8 + (-8 - (7 + -6)) + 4 + (0 - 25).
-38
(4 - -48 - 21) + 17
48
What is 5 + (-15 - -58) + -21?
27
What is -15 + 76 + -24 + -13 + -65?
-41
What is (-6 - -11) + -36 - -5 - 1?
-27
Calculate -18 - (22 - (-17 - (13 - 5))).
-65
Evaluate 31 - (20 + -13) - (-92 - -105).
11
Evaluate (-9 + 10 + 5 + 1 - 0) + 3 + -6.
4
11 + 1 + (3 - 5) + -31 + 29 - 22
-14
What is (-13 - -34) + (2 - 1) + (32 - (51 + -19))?
22
Calculate -10 + 2 - (12 - 127) - (-64 - -86).
85
(-1 - (70 + 8 - 9)) + (1 + -6 - -17)
-58
What is the value of 8 - (-15 + -138 - (20 + -47))?
134
What is the value of 10 - (9 + -11 - (2 - -5) - -9) - 48?
-38
Evaluate 1 + 0 + (16 - (-13 - (18 + 4 + -19))).
33
What is the value of (35 - 14 - 4 - 20) + -2?
-5
-955 + 975 - (-2 + -13 - -2)
33
What is the value of (-51 + 44 + 45 - 38) + (-1 - 16)?
-17
(-147 - 6) + 88 + (22 - 0)
-43
What is (10 - (-13 - (0 + (10 - 41)))) + 41?
33
What is the value of 4 - 9 - -65 - (-698 + 718)?
40
13 - (38 + (-27 - 11 - -10))
3
What is (16 - (7 + (-2 - 14) + 23)) + 19?
21
Calculate 26 - (-7 - -63) - -37 - (-94 - -3).
98
Calculate -116 - -151 - (-2 - -7).
30
66 - 147 - (23 - 10 - 1 - -5)
-98
What is 4 + -1 + 0 - (-15 - ((55 - 24) + -9))?
40
Evaluate 4 + -49 + (-232 - -252).
-25
What is the value of -112 + 159 - (-7 - -79)?
-25
8349 + -8284 + (0 - 38)
27
Calculate 41 + 9 + -34 - 55.
-39
What is the value of 22 + 4 + (4 - 54)?
-24
-18 - ((-1 - -1 - -3) + 203 + -210)
-14
Calculate 8 + 2 + -2 - (41 - (19 + (-25 - 20))).
-59
Evaluate -11 - 1 - (5 - ((-9 - -13) + -10) - 9).
-14
Calculate (59 - 59) + (-10 - (-9 - -18)).
-19
Evaluate 59 + (68 - 120) - ((-1 - 0) + 91).
-83
What is -7 - (13 - 10) - (0 - -7 - -15)?
-32
Calculate -3 + 5 + 2 + 9 + 3 + -7.
9
Evaluate (7 + -11 - 3) + (1 + 2 - -19).
15
Calculate 38 - 10 - 7 - 14 - (2 - -48).
-43
Evaluate 39 + (3 - ((-4 + -4 - -29) + -15)).
36
What is 15 - (-7 + 5) - 30 - 14?
-27
Evaluate 0 + -5 + (55 - 49) + 35 + -58.
-22
Calculate 113 + 5 + (-8 + 23 - 24 - 6) + -5.
98
What is -11 - -8 - (-54 + -7) - (-174 - -177)?
55
What is the value of (15 - 18) + (58 + 4 - (-1 - -1) - 3)?
56
2 + ((-17 - -38) + -26 - -19)
16
Calculate -1 - 16 - (1493 + -1499).
-11
What is the value of 20 + (33 - (-89 - -107))?
35
Evaluate (103 + -147 - -3) + -13 + 0.
-54
Calculate -13 - (-36 - -26) - (4 + 47 + -4).
-50
What is 10 + (-3 - 78) - 0 - (62 - 48)?
-85
Evaluate 9 - (6 + (13 - (0 + -16 - 54))).
-80
What is the value of (29 + 7 - -12 - 21) + -17?
10
What is -64 + (-14 - (-21 - (-12 + (4 - -17))))?
-48
What is 2 + -44 - ((9 + -26 - -4) + 8 - 3)?
-34
What is (-2 - -6) + 12 + 27 + -33 - (121 + -4)?
-107
Calculate -10 + (2 + -8 - (51 - 52)) - (-2 - -5).
-18
What is 26 + ((-2 - -7) + -24 - -24)?
31
Calculate (369 - 409) + -3 + 